z. Suppose -b*x + q + z = -11, -4*x + 46 = -q. List the prime factors of x.
2, 3
Let j = -4 + 0. Let d(l) = -l**3 - 3*l**2 + 3*l + 6. Let o be d(j). Suppose -o = 3*k - 31. What are the prime factors of k?
7
Suppose -10 = 5*q - 3*x + 25, 5*q - x = -45. Let i = q - -13. What are the prime factors of ((-1)/i + 1)*33?
2, 11
Let x = -52 + 22. Let j = x - -18. Let k = j + 18. What are the prime factors of k?
2, 3
Suppose o + 4 = 3*o. Suppose 3 = o*w - 1. Suppose -w*x - x + 33 = 0. List the prime factors of x.
11
Let j be (-6)/4 - 3/(-2). Suppose -d = -j*d - 6. Let t = d - -2. List the prime factors of t.
2
Let j = -248 + 128. List the prime factors of j/16*(-8)/3.
2, 5
Let u(j) = 6*j**2 - 7*j - 8. Let s(i) = 5*i**2 - 6*i - 7. Let c(t) = 4*s(t) - 3*u(t). List the prime factors of c(-3).
23
Suppose 0 = -4*d - 0*d + 8. Let r be 7 - (d + (2 - 3)). Let g = r - -3. What are the prime factors of g?
3
Let o be ((-5)/(-4))/(5/20). Suppose 5*a + 15 = -2*c, -3*c - 2*a = -0*a - o. Suppose -2*b + c*b = 6. What are the prime factors of b?
2
Let z(n) = 130*n**2 + 6*n - 6. List the prime factors of z(1).
2, 5, 13
Let x(k) = -3*k**2 - 3 + 2*k**2 + 10*k - 4 - 22*k. What are the prime factors of x(-10)?
13
Let g(l) = -l**2 - 8*l - 4. Suppose 0*n - 20 = 4*n. What are the prime factors of g(n)?
11
Suppose 2*f - 4*f + 8 = 0. Suppose t + 129 = -f*b - 18, 5*b + 588 = -4*t. List the prime factors of t/(-12) - (-1)/(-4).
2, 3
Suppose 2 = -2*n - 2*o, o + 0 + 5 = 3*n. Let d(l) be the first derivative of 3*l**4/2 + l**3/3 - l**2/2 + l + 5. What are the prime factors of d(n)?
7
Let i = -249 - -382. Let a = 309 - i. List the prime factors of 2/(-7) + a/28.
2, 3
Let u(k) = -k**3 - 3*k**2 - 4*k + 1. Let o(b) = -b**2 + 7*b - 9. Let t be o(6). Let g be u(t). Let s = g - 5. What are the prime factors of s?
2
List the prime factors of (8 - 2) + 12 + 1/(-1).
17
Suppose -7290 = -10*x - 8*x. What are the prime factors of x?
3, 5
Let m = 5 + 64. What are the prime factors of m?
3, 23
Suppose -3*i + 4 + 14 = 0. Suppose -u = -i + 5. What are the prime factors of 2 + (-2*u - -9)?
3
Let o(q) = q**3 + 8*q**2 - 11*q - 7. Let l be o(-9). Let y(v) = -v**2 + 14*v - 16. What are the prime factors of y(l)?
17
Suppose 0 = 10*k - 13*k + 54. What are the prime factors of k?
2, 3
Let n be -1 - 5/((-5)/2). Suppose 3 = m - n. Suppose -p + m*p = 18. What are the prime factors of p?
2, 3
Let y(n) = n**2 + 6*n + 10. What are the prime factors of y(-7)?
17
Suppose 3*l + 3 = 0, 2*d + d + 5*l - 217 = 0. Suppose 2*i + i - 4*v - 63 = 0, -4*i + 2*v = -d. List the prime factors of i.
17
Let h(y) = -2 + 3*y + 5 - 5*y. List the prime factors of h(-9).
3, 7
Let n = -2 - -2. Suppose n = -4*q + 6 + 6. Suppose 0 = q*s + 3*j, -5*s + j + 12 = 3*j. What are the prime factors of s?
2
Suppose 5*w - 6 = 3*w. Suppose -w*q = -5*b + 51, -2*b - 2*b + 4*q + 44 = 0. What are the prime factors of b?
3
Suppose -3 = -2*j - 1. Let v be j/4 - (-30)/8. List the prime factors of (10/v)/(2/4).
5
Let u(p) = 2*p + 41. What are the prime factors of u(-7)?
3
Suppose -f + 7 = -34. List the prime factors of f.
41
Suppose p - 26 = -p. Suppose -5*j + 3*t = -14, j = 5*j - 3*t - p. What are the prime factors of j + (6 - -1 - -1)?
3
Suppose -2*r + 3*s + 19 = 0, 0*r + 3*r - 3 = -4*s. Suppose -5 = 2*i + r. Let g(y) = y**2 + 2*y - 6. List the prime factors of g(i).
3
Suppose -2*n - 1 - 7 = 0, 2*c - 4*n = 20. Suppose -4*a + c + 98 = 0. List the prime factors of a.
5
Let p = 57 + -32. List the prime factors of p.
5
Let a(t) = 5*t - 3*t + 0*t - t. Let q(i) = i + 2. Let k be q(0). What are the prime factors of a(k)?
2
Let v = -9 + 24. Suppose 0 = 2*j - 5*i - v, 2*j + 5*i = -0*j + 45. What are the prime factors of j?
3, 5
Suppose -v - 150 = -3*x + 2*v, 2*v - 271 = -5*x. List the prime factors of x.
53
Let k = 354 - 169. What are the prime factors of k?
5, 37
Let p(c) = 17*c + 1. Let s be p(1). Suppose 7*h = 6*h + s. List the prime factors of h.
2, 3
Suppose 5*n - 362 = -17. List the prime factors of n.
3, 23
Suppose -9 = -3*t + 6. What are the prime factors of t?
5
Let f(l) be the third derivative of l**5/60 - l**4/12 + l**3 + 2*l**2. What are the prime factors of f(4)?
2, 7
Suppose -4*h + 63 = -49. Let k be 0/(1 + 1 + -1). Suppose q - h = 5*o - 0*o, 5*q + 4*o - 24 = k. List the prime factors of q.
2
List the prime factors of 2/9 - 399/(-27).
3, 5
Let d = 8 + -5. Suppose 0*o + 19 = 2*o - 5*y, -d*y = -3. What are the prime factors of o?
2, 3
Suppose 3*r = -d + 3 + 2, 4 = -4*d. What are the prime factors of 8/(-6)*(-15)/r?
2, 5
Suppose -21 = 10*a - 381. List the prime factors of a.
2, 3
List the prime factors of 232 + (4 - (-2 - -4)).
2, 3, 13
Suppose 4*b + 99 = b. Let c be (-6)/(-4)*28/(-2). Let h = c - b. List the prime factors of h.
2, 3
Let w(q) be the second derivative of -2*q**3/3 - q**2/2 + 2*q. Let p be w(-1). Suppose -k + 2*k - 17 = p*g, k = -g + 9. List the prime factors of k.
11
Suppose -8*g + 6*g + 26 = 0. What are the prime factors of g?
13
Let n = -8 - -11. Suppose -p + n + 6 = -4*r, 3*p + 3*r + 3 = 0. Suppose 2*z = p + 15. What are the prime factors of z?
2
Let z = 5 + -3. Suppose z*j - 6 = -j. What are the prime factors of -8*(-3 + (j - 1))?
2
Let u(g) = -g**3 + 6*g**2. Let r be u(6). Suppose 0 = y - r*y - 5. What are the prime factors of y?
5
Let h = -48 - -94. What are the prime factors of h?
2, 23
Suppose 0*x = -4*x - 20. What are the prime factors of (-1)/((15/36)/x)?
2, 3
Suppose -2*t = t - 114. What are the prime factors of t?
2, 19
Let s = 9 - 4. Suppose -s = 4*z + z. List the prime factors of z/(-4) + (-78)/(-8).
2, 5
Let a = 0 - 0. Suppose a = 2*v - 62 + 22. Suppose n = -n + v. What are the prime factors of n?
2, 5
Let w = -152 + 39. Let n = 188 + w. Suppose -5*g + 0*g + n = 0. What are the prime factors of g?
3, 5
Let n = 6 + 1. List the prime factors of n.
7
Suppose -676 = -2*z - 238. What are the prime factors of z?
3, 73
Let b(h) = h**2 + 5*h + 7. Let k be b(-9). Let v = -29 + k. List the prime factors of v.
2, 7
Let a(t) = 62*t**2 + 2*t + 2. List the prime factors of a(-1).
2, 31
Suppose -5*n - 64 = -4*p, -7*p + 3*p - 2*n + 64 = 0. What are the prime factors of p?
2
Suppose -2*g - 41 = -669. List the prime factors of g.
2, 157
Suppose d + 11 = -2*m, -d - m = -2*m + 5. List the prime factors of (-4 - d) + (-38)/(-1).
41
Suppose 0 = 4*u + 2*n - 12, 0 = 5*u - 3*n - 23 - 3. Suppose u*x = 24 + 80. Suppose 4*r - x + 3 = -m, 2*m - 34 = -4*r. What are the prime factors of m?
11
Suppose 0 = -2*f + d + 194, f - 97 = -4*d + 5*d. List the prime factors of f.
97
Let x(m) = -m**3 + 6*m**2 - 4*m + 4. Let b be x(5). Let t = b - 7. Suppose t*z + 62 = 3*l, -6*z - 56 = -2*l - z. What are the prime factors of l?
2, 3
Suppose 3*n + 5 = 8. Let k be 57/(-18) + n/6. List the prime factors of (-17)/(-1) - (0 + k).
2, 5
Let t(h) = 2*h**2 + 5*h + 2. List the prime factors of t(6).
2, 13
Let f(c) = 3*c**2 - c. Let x be f(1). Suppose 3*a + 5*m = 25, -x*a + 4*a - 10 = -5*m. What are the prime factors of a?
3, 5
Let r(m) = -m**3 - 3*m**2 + 2*m. Let x = -2 + -2. List the prime factors of r(x).
2
What are the prime factors of (-19)/(-1) + 5 + -2?
2, 11
Let i(m) = 2*m + 4. List the prime factors of i(8).
2, 5
Let b be 2 + 3/(-4)*-4. Suppose 0*k + b*k = 45. What are the prime factors of k?
3
Suppose m - 4*m = -138. What are the prime factors of m?
2, 23
Let v be 498/6 - (-1 - 3). Suppose -5*b + 15 + 5 = 0. Suppose -b*j - 33 = w - v, -3*j - w + 40 = 0. What are the prime factors of j?
2, 7
Suppose -6*d = -2*d + 8. Let a(n) = n**2 - 3*n - 3. Let q be a(d). Let z = q - 4. List the prime factors of z.
3
Let w(t) = t**3 + 9*t**2 - 11*t - 5. List the prime factors of w(-10).
5
Suppose 1 = 2*h + 2*b - b, 3 = b. What are the prime factors of 3/h + 6 + 7?
2, 5
Let v be 6*(-1 - (-6)/4). Suppose 2 = v*o + 20. Let g = o - -12. What are the prime factors of g?
2, 3
Suppose 2*r - 96 = -18. List the prime factors of r.
3, 13
Suppose -s = g + 4*s + 17, 0 = 4*g - 2*s + 46. What are the prime factors of 36*(3 - (-28)/g)?
2, 3
Let h(y) be the third derivative of y**7/2520 - y**6/720 - y**5/30 + y**4/24 + y**2. Let v(d) be the second derivative of h(d). List the prime factors of v(3).
2
Let n = 14 - -1. Let r = -7 + n. What are the prime factors of r?
2
Suppose 4*p + 4 = 0, 0 = 2*s